 prime factors of 250498086?
2, 3, 61, 383, 1787
List the prime factors of 331560489.
3, 13, 8501551
List the prime factors of 19798855.
5, 19, 208409
List the prime factors of 4996826437.
4027, 1240831
What are the prime factors of 113880792?
2, 3, 401, 11833
List the prime factors of 18071896.
2, 2258987
List the prime factors of 1739448338.
2, 10337, 84137
What are the prime factors of 273581497?
7, 5393, 7247
What are the prime factors of 353997962?
2, 176998981
List the prime factors of 97350155.
5, 7, 2781433
What are the prime factors of 173531875?
5, 11, 43, 587
List the prime factors of 183597589.
7, 19, 37, 37309
What are the prime factors of 3185781752?
2, 1031, 386249
List the prime factors of 3535717781.
25931, 136351
List the prime factors of 98271807.
3, 29, 1129561
What are the prime factors of 4138507311?
3, 2339, 589783
What are the prime factors of 248368890?
2, 3, 5, 7, 11, 79, 1361
What are the prime factors of 6978336661?
5297, 1317413
What are the prime factors of 47745548?
2, 11936387
List the prime factors of 165261240.
2, 3, 5, 19, 37, 653
List the prime factors of 77431928.
2, 7, 853, 1621
List the prime factors of 2433816764.
2, 17, 29, 1234187
List the prime factors of 568669768.
2, 71083721
What are the prime factors of 37409845?
5, 11, 23, 29573
List the prime factors of 1038643419.
3, 11, 31474043
What are the prime factors of 4428745303?
37, 139, 861121
What are the prime factors of 22843339?
19, 149, 8069
List the prime factors of 217068623.
217068623
List the prime factors of 890157500.
2, 5, 23, 113, 137
What are the prime factors of 1223732407?
61, 20061187
List the prime factors of 31342750.
2, 5, 125371
What are the prime factors of 452676389?
11, 37, 263, 4229
What are the prime factors of 36652557?
3, 853, 14323
List the prime factors of 312595807.
2557, 122251
List the prime factors of 53321019.
3, 293, 60661
What are the prime factors of 65625644?
2, 7, 17, 137869
What are the prime factors of 97576727?
613, 159179
List the prime factors of 116128862.
2, 58064431
What are the prime factors of 223457510?
2, 5, 22345751
What are the prime factors of 71460805?
5, 13, 19, 4451
What are the prime factors of 26560152?
2, 3, 97, 3803
List the prime factors of 565617948.
2, 3, 7, 17, 396091
List the prime factors of 34498758.
2, 3, 7, 23, 71, 503
What are the prime factors of 74125444?
2, 18531361
What are the prime factors of 426556365?
3, 5, 19, 181, 8269
List the prime factors of 727608154.
2, 7, 13, 19, 30059
List the prime factors of 1230339484.
2, 11, 27962261
What are the prime factors of 2833175559?
3, 2683, 351991
List the prime factors of 1945287126.
2, 3, 108071507
List the prime factors of 4522557969.
3, 757, 73757
What are the prime factors of 35978588?
2, 8994647
What are the prime factors of 174574863?
3, 61, 317987
What are the prime factors of 127290175?
5, 37, 241, 571
List the prime factors of 396012864.
2, 3, 13, 29, 5471
List the prime factors of 2312317334.
2, 1156158667
What are the prime factors of 127244932?
2, 17, 1871249
List the prime factors of 2935313165.
5, 227, 1153, 2243
List the prime factors of 544294760.
2, 5, 751, 18119
List the prime factors of 192139626.
2, 3, 7, 4574753
List the prime factors of 6941884212.
2, 3, 569, 338893
What are the prime factors of 12185625?
3, 5, 67, 97
What are the prime factors of 263519018?
2, 7, 19, 990673
What are the prime factors of 587770173?
3, 29, 2251993
What are the prime factors of 398537929?
541, 773, 953
List the prime factors of 146708845.
5, 29341769
List the prime factors of 49614832.
2, 3100927
What are the prime factors of 34832054?
2, 19, 916633
List the prime factors of 785471777.
17203, 45659
List the prime factors of 1607767223.
1607767223
What are the prime factors of 30102416?
2, 1881401
What are the prime factors of 6831835?
5, 1366367
What are the prime factors of 185693742?
2, 3, 13, 83, 3187
What are the prime factors of 1253538073?
1253538073
What are the prime factors of 824824817?
1523, 541579
List the prime factors of 941655.
3, 5, 11, 13, 439
List the prime factors of 39062811.
3, 73, 107, 1667
List the prime factors of 32986364.
2, 73, 112967
List the prime factors of 1017135618.
2, 3, 29, 83, 70429
List the prime factors of 2595967983.
3, 7, 17, 2423873
List the prime factors of 49694496.
2, 3, 53, 9767
What are the prime factors of 2416640236?
2, 17, 59, 193, 3121
List the prime factors of 752179682.
2, 376089841
What are the prime factors of 550166291?
17, 71, 101, 4513
What are the prime factors of 388606177?
29, 653, 20521
List the prime factors of 53687456.
2, 1677733
What are the prime factors of 66480061?
857, 77573
List the prime factors of 873608271.
3, 291202757
List the prime factors of 102139432.
2, 829, 15401
What are the prime factors of 2096085386?
2, 1048042693
List the prime factors of 1712213730.
2, 3, 5, 709, 26833
List the prime factors of 35957185.
5, 11, 173, 3779
List the prime factors of 2457899.
2457899
What are the prime factors of 261683556?
2, 3, 21806963
List the prime factors of 16680485.
5, 17, 311, 631
List the prime factors of 27013496.
2, 3376687
List the prime factors of 28241497.
41, 43, 83, 193
List the prime factors of 137763280.
2, 5, 41, 97, 433
List the prime factors of 105535858.
2, 52767929
List the prime factors of 1097076967.
7, 19, 8248699
What are the prime factors of 1784806870?
2, 5, 7, 11, 30103
What are the prime factors of 3208346?
2, 997, 1609
List the prime factors of 2649644075.
5, 13, 8152751
List the prime factors of 962261446.
2, 359, 509, 2633
List the prime factors of 1245861704.
2, 43, 3621691
What are the prime factors of 46752152?
2, 107, 54617
What are the prime factors of 5308728291?
3, 37, 71, 151, 1487
List the prime factors of 225869963.
11, 20533633
What are the prime factors of 387291650?
2, 5, 7745833
List the prime factors of 401688852.
2, 3, 17, 67, 29389
List the prime factors of 130301475.
3, 5, 823, 2111
What are the prime factors of 15670126?
2, 71, 211, 523
List the prime factors of 362984976.
2, 3, 379, 739
What are the prime factors of 38958361?
13, 599, 5003
List the prime factors of 548422032.
2, 3, 11425459
List the prime factors of 495482988.
2, 3, 7, 11, 13, 19, 167
What are the prime factors of 7832968689?
3, 7, 13, 353, 81281
List the prime factors of 28370791.
307, 92413
What are the prime factors of 18699887?
18699887
What are the prime factors of 750115168?
2, 11, 139, 15331
List the prime factors of 86334429.
3, 139, 207037
What are the prime factors of 310400946?
2, 3, 307, 56171
List the prime factors of 6919631.
1627, 4253
What are the prime factors of 2178428465?
5, 37, 2161, 5449
List the prime factors of 1077503594.
2, 79, 1759, 3877
What are the prime factors of 496181341?
577, 859933
What are the prime factors of 472787929?
472787929
What are the prime factors of 91488956?
2, 13, 821, 2143
List the prime factors of 24735406.
2, 43, 71, 4051
What are the prime factors of 74343919?
13, 5718763
List the prime factors of 390875620.
2, 5, 823, 23747
What are the prime factors of 160293146?
2, 13, 6165121
What are the prime factors of 295322778?
2, 3, 2887, 5683
List the prime factors of 21023791.
21023791
List the prime factors of 127151208.
2, 3, 65407
List the prime factors of 751466.
2, 607, 619
List the prime factors of 7729026.
2, 3, 1288171
List the prime factors of 39543370.
2, 5, 19, 73, 2851
List the prime factors of 460514198.
2, 3253, 70783
What are the prime factors of 3131903165?
5, 626380633
What are the prime factors of 3643069992?
2, 3, 151794583
List the prime factors of 1723716829.
30937, 55717
What are the prime factors of 2347858105?
5, 469571621
List the prime factors of 130345307.
17, 127, 60373
What are the prime factors of 976676660?
2, 5, 48833833
What are the prime factors of 244781808?
2, 3, 29, 41, 4289
List the prime factors of 81684843.
3, 631, 43151
List the prime factors of 53210334.
2, 3, 8868389
What are the prime factors of 1788156141?
3, 596052047
List the prime factors of 817529206.
2, 13, 211, 149021
List the prime factors of 168503737.
1481, 113777
List the prime factors of 620747874.
2, 3, 23, 107, 173
What are the prime factors of 501500081?
501500081
List the prime factor